{"id":342,"date":"2019-04-26T09:36:41","date_gmt":"2019-04-26T07:36:41","guid":{"rendered":"http:\/\/neu.retzhof.at.praline.koerbler.com\/?page_id=342"},"modified":"2021-01-11T09:39:02","modified_gmt":"2021-01-11T07:39:02","slug":"zimmer-und-raume-mieten","status":"publish","type":"page","link":"https:\/\/www.retzhof.at\/bildungshaus\/kommen-bleiben\/zimmer-und-raume-mieten\/","title":{"rendered":"R\u00e4ume &#038; Zimmer mieten"},"content":{"rendered":"\n<h2 class=\"has-text-align-left wp-block-heading\">Dem Denken R\u00e4ume geben<\/h2>\n\n\n\n<br>\n\n\n<p style=\"text-align: left; padding-left: 40px;\"><img decoding=\"async\" loading=\"lazy\" class=\"wp-image-512 aligncenter\" src=\"https:\/\/www.retzhof.at\/bildungshaus\/wp-content\/uploads\/2019\/05\/Der-Retzhof-2014-43--300x200.jpg\" alt=\"\" width=\"317\" height=\"212\" srcset=\"https:\/\/www.retzhof.at\/bildungshaus\/wp-content\/uploads\/2019\/05\/Der-Retzhof-2014-43--300x200.jpg 300w, https:\/\/www.retzhof.at\/bildungshaus\/wp-content\/uploads\/2019\/05\/Der-Retzhof-2014-43--1024x682.jpg 1024w, https:\/\/www.retzhof.at\/bildungshaus\/wp-content\/uploads\/2019\/05\/Der-Retzhof-2014-43--768x511.jpg 768w, https:\/\/www.retzhof.at\/bildungshaus\/wp-content\/uploads\/2019\/05\/Der-Retzhof-2014-43--1536x1022.jpg 1536w, https:\/\/www.retzhof.at\/bildungshaus\/wp-content\/uploads\/2019\/05\/Der-Retzhof-2014-43--2048x1363.jpg 2048w, https:\/\/www.retzhof.at\/bildungshaus\/wp-content\/uploads\/2019\/05\/Der-Retzhof-2014-43--560x373.jpg 560w\" sizes=\"(max-width: 317px) 100vw, 317px\" \/><\/p>\n<p style=\"text-align: left; padding-left: 40px;\">Der Retzhof ist ein Dach, unter dem vieles Platz hat: Vom Seminar bis Workshop, von Aktivtag bis Projektwoche, von Verein bis Schulklasse. Insgesamt bietet der Retzhof 8 Seminarr\u00e4ume. Die Gr\u00f6\u00dfe der R\u00e4ume variiert von 36 bis 90 m<sup>2<\/sup>. Der Retzhof bietet auch einen Multifunktionsraum mit 105 m<sup>2<\/sup>. Unsere technische Ausstattung ist auf dem neuesten Stand. Vom Flipchart bis zum Beamer ist alles vorhanden. Die Seminarr\u00e4ume sind 4,6 m hoch und teilweise mit historischen Stuck ausgestattet. Sie k\u00f6nnen auf Ihre individuellen Bed\u00fcrfnisse angepasst werden. Der Retzhof bietet modernste Seminar- Infrastruktur im historischen Ambiente.<\/p>\n\n\n<br>\n\n\n\n<h3 class=\"has-text-align-center wp-block-heading\">Seminarr\u00e4ume &#8211; Preise 2021:<\/h3>\n\n\n\n<figure class=\"wp-block-table aligncenter is-style-stripes\"><table><tbody><tr><td><strong><em>Seminarr\u00e4ume<\/em><\/strong><em><strong>:<\/strong><\/em><\/td><td><\/td><\/tr><tr><td>Seminarr\u00e4ume komplett nach Bedarf<\/td><td>\u20ac 110,- \/Tag<br>\u20ac 75,- \/halber Tag (bis 4h)<\/td><\/tr><tr><td><strong><em>Pausenpauschale- jeweils pro Person und Halbtag<\/em><\/strong><em><strong>:<\/strong> <\/em><\/td><td><\/td><\/tr><tr><td>Pausenpauschale inkl. Pausengetr\u00e4nk<\/td><td>\u20ac 6,50,-<\/td><\/tr><tr><td>Pausenpauschale inkl. Pausengetr\u00e4nk, Brot und Aufstrich<\/td><td>\u20ac 8,-<\/td><\/tr><\/tbody><\/table><\/figure>\n\n\n\n<br><br><br>\n\n\n\n<h2 class=\"wp-block-heading\">360 gute Tage und N\u00e4chte<\/h2>\n\n\n<p>Der Retzhof sorgt f\u00fcr ein Wohlf\u00fchlen auf allen Ebenen. Beim Denken und Arbeiten, aber auch beim Wohnen und Schlafen. Insgesamt stehen unseren G\u00e4sten 80 Betten aufgeteilt in zwei G\u00e4steh\u00e4user zur Verf\u00fcgung. Unsere Einzelzimmer und Doppelzimmer sind mit viel Holz und nat\u00fcrlichen Stoffen, sowie gro\u00dfen Fenstern f\u00fcr jede Menge Licht und frischer Luft ausgestattet. Dusche und WC sind in den Zimmern Standard. Die Ausstattung reicht vom F\u00f6hn bis hin zu einem nachhaltigen Shampoo. F\u00fcr besondere Anl\u00e4sse gibt es im Schloss fernab von allen anderen Zimmern unsere exklusive Suite, mit einer historischen Stuck-Decke, romantischen Interieur und einem perfekten Blick in den Schlossgarten.<\/p>\n<p><img decoding=\"async\" loading=\"lazy\" class=\" wp-image-516 aligncenter\" src=\"https:\/\/www.retzhof.at\/bildungshaus\/wp-content\/uploads\/2019\/05\/0_DSC05369-300x200.jpg\" alt=\"\" width=\"300\" height=\"200\" srcset=\"https:\/\/www.retzhof.at\/bildungshaus\/wp-content\/uploads\/2019\/05\/0_DSC05369-300x200.jpg 300w, https:\/\/www.retzhof.at\/bildungshaus\/wp-content\/uploads\/2019\/05\/0_DSC05369-1024x683.jpg 1024w, https:\/\/www.retzhof.at\/bildungshaus\/wp-content\/uploads\/2019\/05\/0_DSC05369-768x512.jpg 768w, https:\/\/www.retzhof.at\/bildungshaus\/wp-content\/uploads\/2019\/05\/0_DSC05369-1536x1025.jpg 1536w, https:\/\/www.retzhof.at\/bildungshaus\/wp-content\/uploads\/2019\/05\/0_DSC05369-560x374.jpg 560w\" sizes=\"(max-width: 300px) 100vw, 300px\" \/><\/p>\n\n\n<br>\n\n\n\n<h3 class=\"has-text-align-center wp-block-heading\">N\u00e4chtigungspreise:  <\/h3>\n\n\n\n<h4 class=\"wp-block-heading\"><strong>Preisliste f\u00fcr 2021 (inkl. Ust.)<\/strong>  <\/h4>\n\n\n\n<figure class=\"wp-block-table aligncenter is-style-stripes\"><table><tbody><tr><td><\/td><td>\n  Erwachsene im\n  Doppelzimmer\n  <\/td><td>\n  Jugendliche vom\n  6. bis 15. LJ,<br>\n  Schulklassen\n  <\/td><\/tr><tr><td>\n  Fr\u00fchst\u00fcck\n  <\/td><td>   \u20ac 8,00   <\/td><td>   \u20ac 5,00   <\/td><\/tr><tr><td>\n  Mittagessen\n  <\/td><td>   \u20ac 11,00   <\/td><td>   \u20ac 8,00   <\/td><\/tr><tr><td>\n  Abendessen\n  <\/td><td>   \u20ac 9,00   <\/td><td>   \u20ac 6,00   <\/td><\/tr><tr><td>   N\u00e4chtigung<\/td><td>   \u20ac 40,00<\/td><td>   \u20ac 22,00<\/td><\/tr><tr><td>   N\u00e4chtigung mit Fr\u00fchst\u00fcck   <\/td><td>   \u20ac 48,00   <\/td><td>   \u20ac 27,00   <\/td><\/tr><tr><td>   Halbpension mit Mittagsessen<\/td><td>   \u20ac 59,00<\/td><td>   \u20ac 35,00<\/td><\/tr><tr><td>Halbpension mit Abendessen<\/td><td>   \u20ac 57,00<\/td><td>   \u20ac 33,00<\/td><\/tr><tr><td>\n  Vollpension\n  <\/td><td>   \u20ac 67,00   <\/td><td>   \u20ac 41,00   <\/td><\/tr><\/tbody><\/table><\/figure>\n\n\n\n<br>\n\n\n\n<ul><li>F\u00fcr Kinder von 0 bis 5 Jahren (im Elternzimmer): freier Aufenthalt<\/li><\/ul>\n\n\n\n<br>\n\n\n\n<figure class=\"wp-block-table is-style-stripes\"><table><tbody><tr><td class=\"has-text-align-left\" data-align=\"left\">Einbettzimmerzuschlag pro Nacht<\/td><td>\u20ac 9,00<\/td><\/tr><tr><td class=\"has-text-align-left\" data-align=\"left\">Hund pro Nacht<\/td><td>\u20ac 8,00<\/td><\/tr><tr><td class=\"has-text-align-left\" data-align=\"left\">N\u00e4chtigungsabgabe ab dem 15. LJ<\/td><td>\u20ac 1,50<\/td><\/tr><\/tbody><\/table><\/figure>\n\n\n\n<br>\n\n\n\n<p class=\"has-text-align-center\"><em>Wir akzeptieren Barzahlung, Bankomatzahlung, Visacard und Mastercard.<\/em><\/p>\n\n\n\n<h4 class=\"wp-block-heading\">Gerne k\u00f6nne Sie jederzeit ein Zimmer bei uns\nbuchen: <\/h4>\n\n\n\n<p>\u2022 Zimmerbuchung per&nbsp;E-Mail:&nbsp;<a href=\"mailto:office@retzhof.at\">office@retzhof.at<\/a><br>\u2022 Zimmerbuchung auf dem&nbsp;Postweg: Bildungshaus Retzhof GmbH, Dorfstra\u00dfe 17, 8435 Wagna<\/p>\n\n\n\n<p class=\"has-text-align-center\"><em>Telefonische Zimmerbuchungen k\u00f6nnen nicht entgegengenommen werden!<\/em><\/p>\n\n\n\n<h4 class=\"wp-block-heading\" id=\"https:\/\/www.retzhof.at\/kommen-bleiben\/stornobedingungen\/\"><a href=\"https:\/\/www.retzhof.at\/kommen-bleiben\/stornobedingungen\/\" target=\"_blank\" rel=\"noreferrer noopener\" aria-label=\" (\u00f6ffnet in neuem Tab)\">Stornobedingungen<\/a><\/h4>\n","protected":false},"excerpt":{"rendered":"<p>Dem Denken R\u00e4ume geben Der Retzhof ist ein Dach, unter dem vieles Platz hat: Vom Seminar bis Workshop, von Aktivtag bis Projektwoche, von Verein bis Schulklasse. Insgesamt bietet der Retzhof 8 Seminarr\u00e4ume. Die Gr\u00f6\u00dfe der R\u00e4ume variiert von 36 bis 90 m2. Der Retzhof bietet auch einen Multifunktionsraum mit 105 m2. Unsere technische Ausstattung ist [&hellip;]<\/p>\n","protected":false},"author":2,"featured_media":0,"parent":340,"menu_order":0,"comment_status":"closed","ping_status":"closed","template":"","meta":[],"yoast_head":"<!-- This site is optimized with the Yoast SEO plugin v20.11 - https:\/\/yoast.com\/wordpress\/plugins\/seo\/ -->\n<title>Bildungsangebot | Der Retzhof<\/title>\n<meta name=\"robots\" content=\"index, follow, max-snippet:-1, max-image-preview:large, max-video-preview:-1\" \/>\n<link rel=\"canonical\" href=\"http:\/\/neu.retzhof.at.teefax.koerbler.com\/bildungshaus\/kommen-bleiben\/zimmer-und-raume-mieten\/\" \/>\n<meta property=\"og:locale\" content=\"de_DE\" \/>\n<meta property=\"og:type\" content=\"article\" \/>\n<meta property=\"og:title\" content=\"Bildungsangebot | Der Retzhof\" \/>\n<meta property=\"og:description\" content=\"Dem Denken R\u00e4ume geben Der Retzhof ist ein Dach, unter dem vieles Platz hat: Vom Seminar bis Workshop, von Aktivtag bis Projektwoche, von Verein bis Schulklasse. Insgesamt bietet der Retzhof 8 Seminarr\u00e4ume. Die Gr\u00f6\u00dfe der R\u00e4ume variiert von 36 bis 90 m2. Der Retzhof bietet auch einen Multifunktionsraum mit 105 m2. Unsere technische Ausstattung ist [&hellip;]\" \/>\n<meta property=\"og:url\" content=\"http:\/\/neu.retzhof.at.teefax.koerbler.com\/bildungshaus\/kommen-bleiben\/zimmer-und-raume-mieten\/\" \/>\n<meta property=\"og:site_name\" content=\"Der Retzhof\" \/>\n<meta property=\"article:publisher\" content=\"https:\/\/www.facebook.com\/Retzhof\" \/>\n<meta property=\"article:modified_time\" content=\"2021-01-11T07:39:02+00:00\" \/>\n<meta property=\"og:image\" content=\"https:\/\/www.retzhof.at\/bildungshaus\/wp-content\/uploads\/2019\/05\/Der-Retzhof-2014-43--300x200.jpg\" \/>\n<meta name=\"twitter:card\" content=\"summary_large_image\" \/>\n<meta name=\"twitter:label1\" content=\"Gesch\u00e4tzte Lesezeit\" \/>\n\t<meta name=\"twitter:data1\" content=\"2 Minuten\" \/>\n<script type=\"application\/ld+json\" class=\"yoast-schema-graph\">{\"@context\":\"https:\/\/schema.org\",\"@graph\":[{\"@type\":\"WebPage\",\"@id\":\"http:\/\/neu.retzhof.at.teefax.koerbler.com\/bildungshaus\/kommen-bleiben\/zimmer-und-raume-mieten\/\",\"url\":\"http:\/\/neu.retzhof.at.teefax.koerbler.com\/bildungshaus\/kommen-bleiben\/zimmer-und-raume-mieten\/\",\"name\":\"R\u00e4ume & Zimmer mieten | Der Retzhof Test\",\"isPartOf\":{\"@id\":\"http:\/\/neu.retzhof.at.teefax.koerbler.com\/bildungshaus\/#website\"},\"datePublished\":\"2019-04-26T07:36:41+00:00\",\"dateModified\":\"2021-01-11T07:39:02+00:00\",\"breadcrumb\":{\"@id\":\"http:\/\/neu.retzhof.at.teefax.koerbler.com\/bildungshaus\/kommen-bleiben\/zimmer-und-raume-mieten\/#breadcrumb\"},\"inLanguage\":\"de-AT\",\"potentialAction\":[{\"@type\":\"ReadAction\",\"target\":[\"http:\/\/neu.retzhof.at.teefax.koerbler.com\/bildungshaus\/kommen-bleiben\/zimmer-und-raume-mieten\/\"]}]},{\"@type\":\"BreadcrumbList\",\"@id\":\"http:\/\/neu.retzhof.at.teefax.koerbler.com\/bildungshaus\/kommen-bleiben\/zimmer-und-raume-mieten\/#breadcrumb\",\"itemListElement\":[{\"@type\":\"ListItem\",\"position\":1,\"name\":\"Home\",\"item\":\"http:\/\/neu.retzhof.at.teefax.koerbler.com\/bildungshaus\/\"},{\"@type\":\"ListItem\",\"position\":2,\"name\":\"Kommen &#038; Bleiben\",\"item\":\"http:\/\/neu.retzhof.at.teefax.koerbler.com\/bildungshaus\/kommen-bleiben\/\"},{\"@type\":\"ListItem\",\"position\":3,\"name\":\"R\u00e4ume &#038; Zimmer mieten\"}]},{\"@type\":\"WebSite\",\"@id\":\"http:\/\/neu.retzhof.at.teefax.koerbler.com\/bildungshaus\/#website\",\"url\":\"http:\/\/neu.retzhof.at.teefax.koerbler.com\/bildungshaus\/\",\"name\":\"Der Retzhof\",\"description\":\"\",\"publisher\":{\"@id\":\"http:\/\/neu.retzhof.at.teefax.koerbler.com\/bildungshaus\/#organization\"},\"potentialAction\":[{\"@type\":\"SearchAction\",\"target\":{\"@type\":\"EntryPoint\",\"urlTemplate\":\"http:\/\/neu.retzhof.at.teefax.koerbler.com\/bildungshaus\/?s={search_term_string}\"},\"query-input\":\"required name=search_term_string\"}],\"inLanguage\":\"de-AT\"},{\"@type\":\"Organization\",\"@id\":\"http:\/\/neu.retzhof.at.teefax.koerbler.com\/bildungshaus\/#organization\",\"name\":\"Retzhof\",\"url\":\"http:\/\/neu.retzhof.at.teefax.koerbler.com\/bildungshaus\/\",\"logo\":{\"@type\":\"ImageObject\",\"inLanguage\":\"de-AT\",\"@id\":\"http:\/\/neu.retzhof.at.teefax.koerbler.com\/bildungshaus\/#\/schema\/logo\/image\/\",\"url\":\"http:\/\/neu.retzhof.at.teefax.koerbler.com\/bildungshaus\/wp-content\/uploads\/2019\/04\/retzhof-logo.svg\",\"contentUrl\":\"http:\/\/neu.retzhof.at.teefax.koerbler.com\/bildungshaus\/wp-content\/uploads\/2019\/04\/retzhof-logo.svg\",\"width\":1,\"height\":1,\"caption\":\"Retzhof\"},\"image\":{\"@id\":\"http:\/\/neu.retzhof.at.teefax.koerbler.com\/bildungshaus\/#\/schema\/logo\/image\/\"},\"sameAs\":[\"https:\/\/www.facebook.com\/Retzhof\"]}]}<\/script>\n<!-- \/ Yoast SEO plugin. -->","yoast_head_json":{"title":"Bildungsangebot | Der Retzhof","robots":{"index":"index","follow":"follow","max-snippet":"max-snippet:-1","max-image-preview":"max-image-preview:large","max-video-preview":"max-video-preview:-1"},"canonical":"http:\/\/neu.retzhof.at.teefax.koerbler.com\/bildungshaus\/kommen-bleiben\/zimmer-und-raume-mieten\/","og_locale":"de_DE","og_type":"article","og_title":"Bildungsangebot | Der Retzhof","og_description":"Dem Denken R\u00e4ume geben Der Retzhof ist ein Dach, unter dem vieles Platz hat: Vom Seminar bis Workshop, von Aktivtag bis Projektwoche, von Verein bis Schulklasse. Insgesamt bietet der Retzhof 8 Seminarr\u00e4ume. Die Gr\u00f6\u00dfe der R\u00e4ume variiert von 36 bis 90 m2. Der Retzhof bietet auch einen Multifunktionsraum mit 105 m2. Unsere technische Ausstattung ist [&hellip;]","og_url":"http:\/\/neu.retzhof.at.teefax.koerbler.com\/bildungshaus\/kommen-bleiben\/zimmer-und-raume-mieten\/","og_site_name":"Der Retzhof","article_publisher":"https:\/\/www.facebook.com\/Retzhof","article_modified_time":"2021-01-11T07:39:02+00:00","og_image":[{"url":"https:\/\/www.retzhof.at\/bildungshaus\/wp-content\/uploads\/2019\/05\/Der-Retzhof-2014-43--300x200.jpg"}],"twitter_card":"summary_large_image","twitter_misc":{"Gesch\u00e4tzte Lesezeit":"2 Minuten"},"schema":{"@context":"https:\/\/schema.org","@graph":[{"@type":"WebPage","@id":"http:\/\/neu.retzhof.at.teefax.koerbler.com\/bildungshaus\/kommen-bleiben\/zimmer-und-raume-mieten\/","url":"http:\/\/neu.retzhof.at.teefax.koerbler.com\/bildungshaus\/kommen-bleiben\/zimmer-und-raume-mieten\/","name":"R\u00e4ume & Zimmer mieten | Der Retzhof Test","isPartOf":{"@id":"http:\/\/neu.retzhof.at.teefax.koerbler.com\/bildungshaus\/#website"},"datePublished":"2019-04-26T07:36:41+00:00","dateModified":"2021-01-11T07:39:02+00:00","breadcrumb":{"@id":"http:\/\/neu.retzhof.at.teefax.koerbler.com\/bildungshaus\/kommen-bleiben\/zimmer-und-raume-mieten\/#breadcrumb"},"inLanguage":"de-AT","potentialAction":[{"@type":"ReadAction","target":["http:\/\/neu.retzhof.at.teefax.koerbler.com\/bildungshaus\/kommen-bleiben\/zimmer-und-raume-mieten\/"]}]},{"@type":"BreadcrumbList","@id":"http:\/\/neu.retzhof.at.teefax.koerbler.com\/bildungshaus\/kommen-bleiben\/zimmer-und-raume-mieten\/#breadcrumb","itemListElement":[{"@type":"ListItem","position":1,"name":"Home","item":"http:\/\/neu.retzhof.at.teefax.koerbler.com\/bildungshaus\/"},{"@type":"ListItem","position":2,"name":"Kommen &#038; Bleiben","item":"http:\/\/neu.retzhof.at.teefax.koerbler.com\/bildungshaus\/kommen-bleiben\/"},{"@type":"ListItem","position":3,"name":"R\u00e4ume &#038; Zimmer mieten"}]},{"@type":"WebSite","@id":"http:\/\/neu.retzhof.at.teefax.koerbler.com\/bildungshaus\/#website","url":"http:\/\/neu.retzhof.at.teefax.koerbler.com\/bildungshaus\/","name":"Der Retzhof","description":"","publisher":{"@id":"http:\/\/neu.retzhof.at.teefax.koerbler.com\/bildungshaus\/#organization"},"potentialAction":[{"@type":"SearchAction","target":{"@type":"EntryPoint","urlTemplate":"http:\/\/neu.retzhof.at.teefax.koerbler.com\/bildungshaus\/?s={search_term_string}"},"query-input":"required name=search_term_string"}],"inLanguage":"de-AT"},{"@type":"Organization","@id":"http:\/\/neu.retzhof.at.teefax.koerbler.com\/bildungshaus\/#organization","name":"Retzhof","url":"http:\/\/neu.retzhof.at.teefax.koerbler.com\/bildungshaus\/","logo":{"@type":"ImageObject","inLanguage":"de-AT","@id":"http:\/\/neu.retzhof.at.teefax.koerbler.com\/bildungshaus\/#\/schema\/logo\/image\/","url":"http:\/\/neu.retzhof.at.teefax.koerbler.com\/bildungshaus\/wp-content\/uploads\/2019\/04\/retzhof-logo.svg","contentUrl":"http:\/\/neu.retzhof.at.teefax.koerbler.com\/bildungshaus\/wp-content\/uploads\/2019\/04\/retzhof-logo.svg","width":1,"height":1,"caption":"Retzhof"},"image":{"@id":"http:\/\/neu.retzhof.at.teefax.koerbler.com\/bildungshaus\/#\/schema\/logo\/image\/"},"sameAs":["https:\/\/www.facebook.com\/Retzhof"]}]}},"_links":{"self":[{"href":"https:\/\/www.retzhof.at\/bildungshaus\/wp-json\/wp\/v2\/pages\/342"}],"collection":[{"href":"https:\/\/www.retzhof.at\/bildungshaus\/wp-json\/wp\/v2\/pages"}],"about":[{"href":"https:\/\/www.retzhof.at\/bildungshaus\/wp-json\/wp\/v2\/types\/page"}],"author":[{"embeddable":true,"href":"https:\/\/www.retzhof.at\/bildungshaus\/wp-json\/wp\/v2\/users\/2"}],"replies":[{"embeddable":true,"href":"https:\/\/www.retzhof.at\/bildungshaus\/wp-json\/wp\/v2\/comments?post=342"}],"version-history":[{"count":116,"href":"https:\/\/www.retzhof.at\/bildungshaus\/wp-json\/wp\/v2\/pages\/342\/revisions"}],"predecessor-version":[{"id":2223,"href":"https:\/\/www.retzhof.at\/bildungshaus\/wp-json\/wp\/v2\/pages\/342\/revisions\/2223"}],"up":[{"embeddable":true,"href":"https:\/\/www.retzhof.at\/bildungshaus\/wp-json\/wp\/v2\/pages\/340"}],"wp:attachment":[{"href":"https:\/\/www.retzhof.at\/bildungshaus\/wp-json\/wp\/v2\/media?parent=342"}],"curies":[{"name":"wp","href":"https:\/\/api.w.org\/{rel}","templated":true}]}}